{"id":2308,"date":"2023-09-15T01:39:36","date_gmt":"2023-09-15T01:39:36","guid":{"rendered":"http:\/\/conchstyle.com\/opera\/?page_id=2308"},"modified":"2023-09-25T21:48:58","modified_gmt":"2023-09-25T21:48:58","slug":"winners-concert-sp","status":"publish","type":"page","link":"http:\/\/conchstyle.com\/opera\/winners-concert-sp\/","title":{"rendered":"Concierto de Ganadores"},"content":{"rendered":"<p>[et_pb_section fb_built=&#8221;1&#8243; fullwidth=&#8221;on&#8221; disabled_on=&#8221;off|off|off&#8221; admin_label=&#8221;Hero&#8221; _builder_version=&#8221;4.22.1&#8243; background_enable_color=&#8221;off&#8221; parallax=&#8221;on&#8221; custom_padding=&#8221;0px|0px|0px|0px&#8221; da_disable_devices=&#8221;off|off|off&#8221; global_colors_info=&#8221;{}&#8221; da_is_popup=&#8221;off&#8221; da_exit_intent=&#8221;off&#8221; da_has_close=&#8221;on&#8221; da_alt_close=&#8221;off&#8221; da_dark_close=&#8221;off&#8221; da_not_modal=&#8221;on&#8221; da_is_singular=&#8221;off&#8221; da_with_loader=&#8221;off&#8221; da_has_shadow=&#8221;on&#8221;][et_pb_fullwidth_header title=&#8221;Concierto de ganadores&#8221; background_overlay_color=&#8221;RGBA(255,255,255,0)&#8221; content_max_width=&#8221;807px&#8221; admin_label=&#8221;Hero Section&#8221; _builder_version=&#8221;4.22.2&#8243; title_font=&#8221;Oswald|700|||||||&#8221; title_font_size=&#8221;63px&#8221; title_line_height=&#8221;1.3em&#8221; content_font=&#8221;Roboto|700|||||||&#8221; content_font_size=&#8221;22px&#8221; background_color=&#8221;rgba(255, 255, 255, 0)&#8221; background_image=&#8221;http:\/\/conchstyle.com\/opera\/wp-content\/uploads\/2023\/09\/winners-concert51.jpg&#8221; custom_button_one=&#8221;on&#8221; button_one_border_radius=&#8221;0px&#8221; button_one_letter_spacing=&#8221;4px&#8221; button_one_font=&#8221;Oswald|on||on|&#8221; button_one_icon=&#8221;&#x24;||divi||400&#8243; button_one_icon_color=&#8221;#ffffff&#8221; min_height=&#8221;471px&#8221; height=&#8221;471px&#8221; custom_margin=&#8221;3px||-2px||false|false&#8221; custom_padding=&#8221;271px||132px||false|false&#8221; custom_padding_tablet=&#8221;60px||60px|&#8221; custom_padding_phone=&#8221;&#8221; custom_padding_last_edited=&#8221;on|tablet&#8221; animation_style=&#8221;zoom&#8221; animation_direction=&#8221;bottom&#8221; animation_intensity_zoom=&#8221;4%&#8221; button_one_text_color_hover=&#8221;#ffffff&#8221; button_one_border_color_hover=&#8221;#ffffff&#8221; button_one_border_radius_hover=&#8221;0px&#8221; button_one_letter_spacing_hover=&#8221;4px&#8221; button_one_bg_color_hover=&#8221;rgba(0,0,0,0)&#8221; global_colors_info=&#8221;{}&#8221; button_one_text_size__hover_enabled=&#8221;off&#8221; button_two_text_size__hover_enabled=&#8221;off&#8221; button_one_text_color__hover_enabled=&#8221;on&#8221; button_one_text_color__hover=&#8221;#ffffff&#8221; button_two_text_color__hover_enabled=&#8221;off&#8221; button_one_border_width__hover_enabled=&#8221;off&#8221; button_two_border_width__hover_enabled=&#8221;off&#8221; button_one_border_color__hover_enabled=&#8221;on&#8221; button_one_border_color__hover=&#8221;#ffffff&#8221; button_two_border_color__hover_enabled=&#8221;off&#8221; button_one_border_radius__hover_enabled=&#8221;on&#8221; button_one_border_radius__hover=&#8221;0px&#8221; button_two_border_radius__hover_enabled=&#8221;off&#8221; button_one_letter_spacing__hover_enabled=&#8221;on&#8221; button_one_letter_spacing__hover=&#8221;4px&#8221; button_two_letter_spacing__hover_enabled=&#8221;off&#8221; button_one_bg_color__hover_enabled=&#8221;on&#8221; button_one_bg_color__hover=&#8221;rgba(0,0,0,0)&#8221; button_two_bg_color__hover_enabled=&#8221;off&#8221;][\/et_pb_fullwidth_header][\/et_pb_section][et_pb_section fb_built=&#8221;1&#8243; admin_label=&#8221;Gallery&#8221; _builder_version=&#8221;4.16&#8243; custom_padding=&#8221;0px||0px|&#8221; da_disable_devices=&#8221;off|off|off&#8221; global_colors_info=&#8221;{}&#8221; da_is_popup=&#8221;off&#8221; da_exit_intent=&#8221;off&#8221; da_has_close=&#8221;on&#8221; da_alt_close=&#8221;off&#8221; da_dark_close=&#8221;off&#8221; da_not_modal=&#8221;on&#8221; da_is_singular=&#8221;off&#8221; da_with_loader=&#8221;off&#8221; da_has_shadow=&#8221;on&#8221;][et_pb_row _builder_version=&#8221;4.22.1&#8243; _module_preset=&#8221;default&#8221; global_colors_info=&#8221;{}&#8221;][et_pb_column type=&#8221;4_4&#8243; _builder_version=&#8221;4.22.1&#8243; _module_preset=&#8221;default&#8221; global_colors_info=&#8221;{}&#8221;][et_pb_text _builder_version=&#8221;4.22.2&#8243; _module_preset=&#8221;default&#8221; text_font=&#8221;||||||||&#8221; text_font_size=&#8221;21px&#8221; header_line_height=&#8221;1.4em&#8221; header_2_line_height=&#8221;1.3em&#8221; hover_enabled=&#8221;0&#8243; global_colors_info=&#8221;{}&#8221; sticky_enabled=&#8221;0&#8243;]<\/p>\n<div class=\"elementor-container elementor-column-gap-default\">\n<div class=\"elementor-column elementor-col-100 elementor-top-column elementor-element elementor-element-2d1fad8d\" data-id=\"2d1fad8d\" data-element_type=\"column\" data-settings=\"{&quot;background_background&quot;:&quot;classic&quot;}\">\n<div class=\"elementor-widget-wrap elementor-element-populated\">\n<h1 class=\"elementor-background-overlay\"><\/h1>\n<section class=\"elementor-section elementor-inner-section elementor-element elementor-element-38f315d elementor-section-boxed elementor-section-height-default elementor-section-height-default\" data-id=\"38f315d\" data-element_type=\"section\">\n<div class=\"elementor-container elementor-column-gap-default\">\n<div class=\"elementor-column elementor-col-100 elementor-inner-column elementor-element elementor-element-2b9302c9\" data-id=\"2b9302c9\" data-element_type=\"column\">\n<div class=\"elementor-widget-wrap elementor-element-populated\">\n<div class=\"elementor-element elementor-element-417f5852 paragraphNormal, subtitle_specialfont elementor-widget elementor-widget-text-box\" data-id=\"417f5852\" data-element_type=\"widget\" data-widget_type=\"text-box.default\">\n<div class=\"elementor-widget-container\">\n<div class=\"text-box\" data-scroll=\"\" data-scroll-speed=\"\">\n<h1><span style=\"color: #ff0000;\">El Distrito M\u00e9xico del MetOpera Laffont Competition ofrece a los ganadores del Concurso dos beneficios \u00fanicos que ning\u00fan otro Distrito del Concurso ofrece:<\/span><\/h1>\n<p>&nbsp;<\/p>\n<ul>\n<li>Un programa intensivo de entrenamiento y coaching de tres a cuatro d\u00edas de duraci\u00f3n: nuestro <em>Preludio<\/em> a los Estados Unidos, para llevarlos a su m\u00e1ximo nivel de rendimiento, prepar\u00e1ndolos para competir en su mejor nivel en la pr\u00f3xima ronda regional del Concurso, y<\/li>\n<li>Presentarse en el <strong>Concierto de Ganadores <\/strong>en San Miguel de Allende, que los desaf\u00eda a aprender material nuevo r\u00e1pidamente, requiere que trabajen en conjunto, desarrollen habilidades en una puesta en escena y que trabajen intensamente con un equipo creativo de producci\u00f3n que los llevar\u00e1 a nuevos niveles de crecimiento como artistas.<\/li>\n<\/ul>\n<\/div>\n<\/div>\n<\/div>\n<div class=\"elementor-element elementor-element-05dc9a6 paragraphNormal, subtitle_specialfontLeft elementor-widget elementor-widget-text-box\" data-id=\"05dc9a6\" data-element_type=\"widget\" data-widget_type=\"text-box.default\">\n<div class=\"elementor-widget-container\">\n<div class=\"text-box\" data-scroll=\"\" data-scroll-speed=\"\">\n<ul>\n<li><\/li>\n<\/ul>\n<\/div>\n<\/div>\n<\/div>\n<\/div>\n<\/div>\n<\/div>\n<\/section>\n<\/div>\n<\/div>\n<\/div>\n<p>[\/et_pb_text][\/et_pb_column][\/et_pb_row][et_pb_row _builder_version=&#8221;4.22.2&#8243; _module_preset=&#8221;default&#8221; column_structure=&#8221;1_2,1_2&#8243;][et_pb_column _builder_version=&#8221;4.22.2&#8243; _module_preset=&#8221;default&#8221; type=&#8221;1_2&#8243;][et_pb_image src=&#8221;http:\/\/conchstyle.com\/opera\/wp-content\/uploads\/2023\/09\/winners-concert3.jpeg&#8221; _builder_version=&#8221;4.22.2&#8243; _module_preset=&#8221;default&#8221; title_text=&#8221;winners concert3&#8243; hover_enabled=&#8221;0&#8243; sticky_enabled=&#8221;0&#8243;][\/et_pb_image][\/et_pb_column][et_pb_column _builder_version=&#8221;4.22.2&#8243; _module_preset=&#8221;default&#8221; type=&#8221;1_2&#8243;][et_pb_image src=&#8221;http:\/\/conchstyle.com\/opera\/wp-content\/uploads\/2023\/09\/winners-conert4.jpeg&#8221; _builder_version=&#8221;4.22.2&#8243; _module_preset=&#8221;default&#8221; title_text=&#8221;winners conert4&#8243; hover_enabled=&#8221;0&#8243; sticky_enabled=&#8221;0&#8243;][\/et_pb_image][\/et_pb_column][\/et_pb_row][et_pb_row _builder_version=&#8221;4.22.2&#8243; _module_preset=&#8221;default&#8221;][et_pb_column _builder_version=&#8221;4.22.2&#8243; _module_preset=&#8221;default&#8221; type=&#8221;4_4&#8243;][et_pb_text _builder_version=&#8221;4.22.2&#8243; _module_preset=&#8221;default&#8221; hover_enabled=&#8221;0&#8243; sticky_enabled=&#8221;0&#8243;]<\/p>\n<h1><span style=\"color: #ff0000;\"><strong>Concierto de ganadores:<\/strong><\/span><\/h1>\n<ul>\n<li>Nuestros ganadores regresan a San Miguel de Allende para una semana intensiva de ensayos y preparaci\u00f3n de las presentaciones del Concierto de Ganadores, generalmente a fines de Marzo del a\u00f1o siguiente a la Competencia.<\/li>\n<\/ul>\n<p><strong><u>\u00a0<\/u><\/strong><\/p>\n<ul>\n<li>El equipo de producci\u00f3n del concierto est\u00e1 conformado por maestros que ya han trabajado previamente con los cantantes en el Programa de Coaching Preludio, quienes ya conocen la voz de cada cantante, sus capacidades y virtudes. Dise\u00f1an el concierto en torno a estas cualidades y los resultados son un concierto que muestra lo mejor de estas voces j\u00f3venes.<\/li>\n<\/ul>\n<p>&nbsp;<\/p>\n<ul>\n<li>El concierto y la rigurosa preparaci\u00f3n del cantante para el mismo generan una actuaci\u00f3n profesional. A menudo, esta es la primera vez que el cantante experimenta un entorno totalmente profesional.<\/li>\n<\/ul>\n<p><strong><u>\u00a0<\/u><\/strong><\/p>\n<ul>\n<li>A los cantantes y equipo de producci\u00f3n se les paga por su trabajo, y los cantantes se alojan con familias anfitrionas patrocinadoras del Concurso en San Miguel.<\/li>\n<\/ul>\n<p>&nbsp;<\/p>\n<ul>\n<li>El concierto es tambi\u00e9n una oportunidad para los cantantes para agradecer a los patrocinadores del Concurso a quienes est\u00e1n muy agradecidos.<\/li>\n<\/ul>\n<p>[\/et_pb_text][\/et_pb_column][\/et_pb_row][et_pb_row _builder_version=&#8221;4.16&#8243; _module_preset=&#8221;default&#8221; global_colors_info=&#8221;{}&#8221;][et_pb_column type=&#8221;4_4&#8243; _builder_version=&#8221;4.16&#8243; _module_preset=&#8221;default&#8221; global_colors_info=&#8221;{}&#8221;][et_pb_gallery gallery_ids=&#8221;2649,2656,2655,2654,2653,2652,2651,2650&#8243; fullwidth=&#8221;on&#8221; _builder_version=&#8221;4.22.1&#8243; _module_preset=&#8221;default&#8221; global_colors_info=&#8221;{}&#8221;][\/et_pb_gallery][\/et_pb_column][\/et_pb_row][\/et_pb_section]<\/p>\n","protected":false},"excerpt":{"rendered":"<p>El Distrito M\u00e9xico del MetOpera Laffont Competition ofrece a los ganadores del Concurso dos beneficios \u00fanicos que ning\u00fan otro Distrito del Concurso ofrece: &nbsp; Un programa intensivo de entrenamiento y coaching de tres a cuatro d\u00edas de duraci\u00f3n: nuestro Preludio a los Estados Unidos, para llevarlos a su m\u00e1ximo nivel de rendimiento, prepar\u00e1ndolos para competir [&hellip;]<\/p>\n","protected":false},"author":1,"featured_media":0,"parent":0,"menu_order":0,"comment_status":"closed","ping_status":"closed","template":"","meta":{"_et_pb_use_builder":"on","_et_pb_old_content":"","_et_gb_content_width":"","footnotes":""},"class_list":["post-2308","page","type-page","status-publish","hentry"],"_links":{"self":[{"href":"http:\/\/conchstyle.com\/opera\/wp-json\/wp\/v2\/pages\/2308","targetHints":{"allow":["GET"]}}],"collection":[{"href":"http:\/\/conchstyle.com\/opera\/wp-json\/wp\/v2\/pages"}],"about":[{"href":"http:\/\/conchstyle.com\/opera\/wp-json\/wp\/v2\/types\/page"}],"author":[{"embeddable":true,"href":"http:\/\/conchstyle.com\/opera\/wp-json\/wp\/v2\/users\/1"}],"replies":[{"embeddable":true,"href":"http:\/\/conchstyle.com\/opera\/wp-json\/wp\/v2\/comments?post=2308"}],"version-history":[{"count":7,"href":"http:\/\/conchstyle.com\/opera\/wp-json\/wp\/v2\/pages\/2308\/revisions"}],"predecessor-version":[{"id":2790,"href":"http:\/\/conchstyle.com\/opera\/wp-json\/wp\/v2\/pages\/2308\/revisions\/2790"}],"wp:attachment":[{"href":"http:\/\/conchstyle.com\/opera\/wp-json\/wp\/v2\/media?parent=2308"}],"curies":[{"name":"wp","href":"https:\/\/api.w.org\/{rel}","templated":true}]}}